 4836/180 + (8/(-60) - 28/(-105)). Let j = 79 - 52. Calculate the highest common factor of j and r.
27
Let s = -3897 + 4069. What is the highest common factor of 86 and s?
86
Let c be (1 - -53)*8/16. Let g = 9892 - 9856. What is the greatest common divisor of c and g?
9
Let q = -47 + 51. Suppose 48 = q*k + 5*u, 0 = 6*k - 4*k + 4*u - 30. What is the highest common divisor of 7 and k?
7
Let r be 28/7*310/(-4). Let c = r + 400. What is the greatest common divisor of 120 and c?
30
Let p = 183380 + -183353. Suppose 3*y - 2916 = -y. What is the greatest common divisor of p and y?
27
Suppose 5*l - 385*d + 388*d = 154, 0 = 10*l - d - 322. Suppose -26 = -n + 30. Calculate the highest common divisor of l and n.
8
Let s be (155 - -6)*3*1. What is the highest common factor of s and 21?
21
Let a = 5 - 2. Suppose -4*j - 13 = -i, -10 = -a*j + 2. Calculate the greatest common factor of i and 435.
29
Let p = 138 + -8. Let j be ((-2)/5)/((-2)/p). Let h be j + ((-5)/10 - 2/(-4)). Calculate the highest common divisor of h and 65.
13
Let g = 245 + -185. Suppose -46*w + 48*w - 720 = 0. Calculate the highest common factor of g and w.
60
Suppose 5*g = 10*g - 5. Let z be (-35)/(-20)*2*(35 - g). Let i = z + -55. What is the highest common factor of 8 and i?
8
Let j(g) be the first derivative of -25*g**2/2 - 22*g - 394. Let x be j(-1). Suppose 2*d = 4*d - 48. What is the highest common divisor of d and x?
3
Let a(x) = -2*x**2 - 66*x - 343. Let g be a(-25). What is the greatest common factor of g and 133?
19
Let o(b) be the first derivative of b**4/2 + 22*b**3/3 + 33*b**2/2 + 22*b - 62. Let y be o(-9). Calculate the greatest common factor of y and 42.
7
Let p be -53 + (48 - 25) + 36. Let v = 3 + 0. Suppose -3*u = -2*u - v*h + 12, 3*u + 3*h = 24. What is the greatest common factor of u and p?
3
Let a(k) = k**3 - 4*k - 1. Let s be a(-2). Let d be (-5)/(0 + ((-4)/s)/(-8)). Let v = -1 + d. What is the greatest common divisor of 12 and v?
3
Let j(a) = -37 + 17*a + 14 + 15. Let b be j(10). Suppose -2*i = 2*m - 7*i - 21, m + 4*i = 30. What is the highest common divisor of m and b?
18
Let m be (1296/540)/(0 - (-4)/30). Calculate the greatest common factor of m and 72.
18
Let c be (-898*(-39)/(-6))/(-9) + 16/36. What is the greatest common factor of c and 231?
11
Let c be (308/16)/((-5)/(-120)). Suppose 306*f - 313*f + c = 0. Calculate the highest common factor of f and 42.
6
Let s = 100 + -101. Let r be (s - 9/(-5)) + 7452/460. Let q = -69 + 256. What is the highest common divisor of q and r?
17
Let r = 283 - -485. What is the highest common divisor of r and 36?
12
Let v = -596 + 954. Suppose 10*c = 1008 - v. Calculate the highest common factor of c and 52.
13
Suppose 0 = 8*k - 7*k - 4. Suppose k*g + 0*g - 220 = -5*x, 5*g - 5*x = 275. What is the greatest common divisor of g and 15?
5
Let j = -2 + 26. Suppose -8 = 2*h - j. Suppose -5*p + 138 = 2*l, -3*p - l - 141 = -h*p. What is the highest common divisor of p and 7?
7
Let p be (-3)/(-84)*-2 + (-114)/(-28). What is the highest common factor of 776 and p?
4
Suppose -3*o - 2897 = -2*l + 2487, 0 = -5*l + 5*o + 13475. Calculate the greatest common divisor of 185 and l.
37
Suppose 4*t - 4*q = 20, -6*t - 5*q = -7*t + 17. What is the greatest common factor of t and 25?
1
Let o = 16 - -1. Let f(r) = 2*r**3 - 50*r**2 + 7*r - 141. Let h be f(25). What is the highest common divisor of o and h?
17
Let j be (-40)/(-2)*(40 + -43)*11/(-6). Calculate the greatest common divisor of 154 and j.
22
Suppose 0 = -233*i + 240*i - 252. Calculate the highest common factor of 11436 and i.
12
Let u(v) = 6*v**2 + 2*v + 7. Let z be u(7). Let j = z + -16. What is the greatest common factor of j and 13?
13
Let b = -4 - 5. Let c be 108/10*3*15/b. Let q = 68 + c. Calculate the greatest common divisor of q and 28.
14
Let d be (-15)/(-75)*15 + 79. What is the highest common factor of 369 and d?
41
Suppose -7*p + 138 = -191. Suppose -5*n + 28 = -p. Let y = -201 - -206. Calculate the highest common factor of n and y.
5
Let n(c) = 13*c**3 + 7*c**2 - 5*c - 4. Let z be n(4). Suppose -5*x + 15*j = 4*j - 50, 2*j = -2*j. What is the greatest common factor of z and x?
10
Let b be (-97)/(-3)*(-15 + 315/15). What is the greatest common divisor of b and 3395?
97
Suppose 4*v + 85 + 71 = 0. Let c = v + 44. Let f be (1/(-5))/(1/(-5)). Calculate the highest common factor of c and f.
1
Let z be (3 + (-57)/9)/(2/(-177)). Suppose -z = -6*h + 41. Suppose 0 = -5*m + j + h + 51, -2*m + j + 41 = 0. What is the greatest common divisor of m and 110?
22
Suppose -16 = -6*h + 10*h, -5*b + 4*h + 1126 = 0. Let i be 7733/b + (-2)/(-12). Calculate the greatest common divisor of i and 70.
35
Let c(y) = -y**2 + 3*y + 9. Let p be c(0). Suppose -3*u = -o - 809, -12*o + p*o + 273 = u. What is the greatest common divisor of u and 10?
10
Let t be 174/48 + 6/16. Suppose -4*h + 580 = t*k, 2*h + k - 328 = -43. Calculate the highest common divisor of 84 and h.
28
Suppose 14 = 2*a - a + 2*d, -3*d + 48 = 3*a. Suppose -y = 3*y. Suppose y = 11*w - 8*w - 6. Calculate the greatest common factor of w and a.
2
Suppose 3*i - 8736 = -4*v, 7*i - 6552 = -3*v + 10*i. Suppose -924 = -28*k + v. What is the greatest common divisor of 222 and k?
111
Suppose -2*u + 5*m = -0*m + 46, 5*u - 4*m + 98 = 0. Let b = 36 + -66. Let j = u - b. What is the greatest common divisor of j and 15?
3
Suppose -3*u = 12, u = -4*h + 28 + 4. Let y = -909 + 1386. Calculate the highest common divisor of h and y.
9
Suppose 59*z + 174*z = 57318. Calculate the highest common divisor of 21894 and z.
246
Let j(z) = -4524*z - 4507. Let s be j(-1). Suppose -339 - 154 = -n. Calculate the greatest common factor of s and n.
17
Let d(b) = -2*b**2 - 8*b + 15. Let x be d(-5). Suppose 1744 = x*m - 41. What is the greatest common divisor of m and 102?
51
Let t(p) = -p**2 - 11*p - 6. Let l be t(-4). Suppose l*r - 838 - 3650 = 0. Calculate the highest common divisor of r and 36.
12
Let j = -197 + 200. Suppose -9 = a + j*d - 29, 0 = -a + 2*d. What is the highest common factor of 1 and a?
1
Let t(b) = 9*b**3 + 7*b**2 - 10*b + 3. Let a be t(4). Calculate the highest common divisor of a and 84.
21
Let g = 109 + -104. Suppose 781 = g*l + 211. What is the highest common divisor of l and 76?
38
Let u(z) = z**3 + 20*z**2 - 22*z - 11. Let l be u(-21). Suppose -8*i - c - 146 = -l*i, 368 = 5*i - 4*c. Calculate the highest common factor of i and 36.
36
Suppose -9*m + 3072 = m - 8*m. Calculate the greatest common factor of 224 and m.
32
Let r be (16 - -377)*72/27. What is the greatest common divisor of 216 and r?
8
Let f = 5235 - 3768. What is the greatest common factor of 9 and f?
9
Suppose 2*q + 119 - 584 = -5*k, -2*k + 681 = 3*q. Suppose 5*r - 225 = -0*r. Calculate the highest common factor of r and q.
45
Let p be (260/16 - 12)*4. What is the greatest common factor of p and 2941?
17
Let a(y) = 186*y**2 + y - 115. Let d be a(-6). Calculate the highest common factor of d and 25.
25
Let f = -3683 + 3695. Let i(k) = 3*k**2 - 13*k + 8. Suppose -5 = -q + 3. Let s be i(q). Calculate the highest common factor of s and f.
12
Suppose -p = -6*p + 680. Suppose 2*s + 82 = 5*g, 0 = 2*g - 7*s + 10*s - 29. Suppose 273*d = 271*d + g. What is the greatest common factor of d and p?
8
Let o(y) = 3*y**2 - y + 1. Let z(h) = 16*h**2 - 19*h - 34. Let n(s) = -5*o(s) + z(s). Let u be n(-7). Calculate the greatest common factor of 4 and u.
4
Let t be (-188)/1410 - (28/(-180))/(1/168). What is the greatest common divisor of t and 8242?
26
Suppose 4 - 24 = -5*m. Suppose 392 = m*o + r, 5*o + 6*r - 507 = 9*r. What is the greatest common divisor of o and 22?
11
Let p be (0 + 35)*1*6. Let y(a) = -4*a - 217. Let d(c) = 3*c + 207. Let v(w) = 7*d(w) + 6*y(w). Let t be v(39). What is the highest common factor of p and t?
30
Let y be (-20685)/(-210) + (-14)/4. Calculate the greatest common factor of 3097 and y.
19
Suppose -48063 = -11*w - 840. Calculate the greatest common divisor of w and 53.
53
Suppose -5*c - 405 = 2*l - 14, 5*c + 5*l + 400 = 0. Let h = c - -78. What is the highest common divisor of h and 8?
1
Suppose 0 = -3*u - 4*c + 57, -5*c = -6*c - 3. Let g(x) = 2*x**3 - 45*x**2 - 19*x - 62. Let r be g(u). Calculate the highest common factor of 12 and r.
6
Let x be ((-282)/(-15))/(3/15). Let b be (